mmon factor of 160 and 32?
32
What is the greatest common divisor of 22 and 42009?
11
Calculate the highest common factor of 440 and 3240.
40
Calculate the greatest common factor of 52 and 2.
2
What is the greatest common divisor of 884 and 8?
4
What is the highest common divisor of 265 and 318?
53
What is the greatest common factor of 442 and 1157?
13
Calculate the greatest common divisor of 1786 and 76.
38
What is the highest common divisor of 15 and 70?
5
What is the highest common divisor of 250 and 10?
10
What is the greatest common factor of 125 and 15?
5
What is the highest common factor of 80 and 13424?
16
What is the highest common divisor of 3771 and 9?
9
What is the greatest common divisor of 435 and 285?
15
Calculate the highest common divisor of 324 and 132.
12
Calculate the highest common divisor of 26 and 4121.
13
What is the highest common factor of 18 and 288?
18
What is the greatest common factor of 45 and 115?
5
What is the highest common factor of 18 and 522?
18
What is the greatest common factor of 135 and 345?
15
What is the highest common divisor of 2240 and 70?
70
What is the greatest common divisor of 13 and 299?
13
What is the greatest common divisor of 183 and 122?
61
Calculate the highest common divisor of 484 and 7865.
121
What is the greatest common factor of 76 and 1463?
19
What is the highest common factor of 12 and 1212?
12
Calculate the greatest common divisor of 600 and 1248.
24
What is the highest common factor of 25 and 1?
1
What is the highest common factor of 1647 and 305?
61
What is the greatest common divisor of 119 and 1411?
17
What is the highest common divisor of 175 and 420?
35
Calculate the greatest common divisor of 1628 and 111.
37
What is the highest common divisor of 9 and 3?
3
Calculate the greatest common factor of 36 and 67.
1
Calculate the highest common factor of 120 and 348.
12
What is the highest common factor of 2596 and 44?
44
What is the greatest common factor of 52 and 4?
4
Calculate the highest common divisor of 46 and 23.
23
Calculate the highest common divisor of 133 and 475.
19
What is the highest common divisor of 105 and 2135?
35
Calculate the greatest common divisor of 4599 and 252.
63
Calculate the highest common factor of 102 and 6392.
34
Calculate the greatest common divisor of 130 and 48.
2
Calculate the greatest common factor of 873 and 9.
9
Calculate the greatest common factor of 77 and 3136.
7
What is the greatest common factor of 3304 and 56?
56
Calculate the greatest common divisor of 4 and 256.
4
What is the highest common divisor of 1650 and 105?
15
Calculate the highest common divisor of 1886 and 82.
82
What is the highest common divisor of 481 and 74?
37
What is the highest common factor of 34 and 204?
34
What is the highest common divisor of 68 and 3383?
17
What is the greatest common divisor of 867 and 204?
51
What is the greatest common divisor of 16 and 784?
16
Calculate the greatest common factor of 221 and 117.
13
What is the highest common factor of 156 and 12?
12
Calculate the highest common factor of 70 and 112.
14
Calculate the greatest common divisor of 1243 and 11.
11
Calculate the greatest common divisor of 15 and 900.
15
Calculate the highest common factor of 651 and 105.
21
What is the highest common factor of 88 and 12?
4
What is the highest common divisor of 4 and 862?
2
Calculate the highest common factor of 910 and 8736.
182
Calculate the highest common factor of 90 and 3210.
30
Calculate the highest common factor of 6 and 2.
2
What is the greatest common divisor of 4505 and 68?
17
Calculate the highest common factor of 405 and 567.
81
What is the highest common factor of 520 and 3040?
40
Calculate the greatest common divisor of 18 and 90.
18
What is the greatest common divisor of 15 and 69555?
15
What is the highest common divisor of 336 and 798?
42
What is the greatest common factor of 737 and 22?
11
What is the highest common divisor of 10 and 32?
2
Calculate the highest common divisor of 16 and 6.
2
What is the greatest common divisor of 96 and 48?
48
What is the highest common factor of 4011 and 168?
21
What is the greatest common factor of 60 and 2010?
30
Calculate the greatest common divisor of 234 and 78.
78
What is the highest common factor of 2121 and 378?
21
Calculate the greatest common factor of 1559 and 2.
1
Calculate the highest common factor of 7275 and 150.
75
Calculate the greatest common factor of 25 and 200.
25
Calculate the greatest common divisor of 68 and 12308.
68
What is the highest common factor of 1432 and 8?
8
Calculate the highest common divisor of 6528 and 408.
408
Calculate the highest common divisor of 34 and 85.
17
What is the highest common factor of 332 and 116?
4
What is the highest common factor of 40 and 35240?
40
Calculate the greatest common divisor of 156 and 429.
39
Calculate the highest common divisor of 74 and 2.
2
Calculate the greatest common factor of 99 and 1881.
99
Calculate the greatest common factor of 135 and 150.
15
What is the greatest common factor of 5746 and 845?
169
Calculate the greatest common divisor of 15 and 1210.
5
Calculate the highest common divisor of 1047 and 12913.
349
What is the greatest common factor of 4183 and 89?
89
Calculate the highest common divisor of 60 and 2440.
20
What is the greatest common factor of 182 and 4662?
14
What is the greatest common factor of 2128 and 28?
28
Calculate the greatest common factor of 2772 and 18.
18
Calculate the highest common factor of 148 and 4.
4
Calculate the greatest common divisor of 76 and 95.
19
Calculate the highest common factor of 70 and 910.
70
Calculate the greatest common divisor of 21 and 7.
7
Calculate the greatest common divisor of 170 and 160.
10
What is the highest common divisor of 168 and 616?
56
What is the highest common factor of 150 and 6?
6
What is the highest common divisor of 264 and 6720?
24
Calculate the highest common divisor of 1104 and 345.
69
Calculate the greatest common factor of 17 and 527.
17
What is the highest common divisor of 27 and 63?
9
Calculate the greatest common factor of 132 and 363.
33
What is the highest common divisor of 20 and 108?
4
What is the greatest common factor of 3660 and 1952?
244
Calculate the greatest common factor of 10 and 30.
10
What is the greatest common factor of 20 and 1400?
20
What is the highest common divisor of 129 and 24639?
129
What is the greatest common factor of 77 and 693?
77
What is the highest common factor of 2173 and 477?
53
Calculate the greatest common divisor of 486 and 16281.
243
What is the greatest common factor of 19 and 2299?
19
What is the highest common factor of 34814 and 26?
26
What is the greatest common divisor of 38 and 551?
19
What is the highest common factor of 3 and 41?
1
Calculate the highest common factor of 567 and 21.
21
Calculate the highest common divisor of 2261 and 266.
133
Calculate the greatest common factor of 7 and 35.
7
Calculate the highest common divisor of 8 and 2.
2
What is the greatest common divisor of 142 and 23714?
142
What is the highest common divisor of 333 and 9?
9
What is the greatest common divisor of 132 and 48?
12
Calculate the highest common factor of 2418 and 13.
13
What is the highest common divisor of 255 and 153?
51
Calculate the highest common divisor of 480 and 615.
15
What is the highest common factor of 18 and 246?
6
What is the highest common factor of 2 and 82?
2
What is the highest common divisor of 210 and 126?
42
Calculate the greatest common factor of 882 and 846.
18
What is the highest common divisor of 747 and 225?
9
Calculate the highest common factor of 9 and 675.
9
Calculate the highest common factor of 16951 and 44.
11
What is the highest common factor of 35126 and 182?
182
What is the highest common divisor of 44 and 253?
11
Calculate the highest common factor of 39 and 559.
13
What is the highest common divisor of 1698 and 18?
6
What is the greatest common factor of 39 and 2483?
13
Calculate the highest common factor of 33 and 258.
3
Calculate the highest common factor of 10 and 1210.
10
What is the highest common divisor of 459 and 1224?
153
Calculate the greatest common factor of 16 and 152.
8
What is the highest common divisor of 19245 and 15?
15
Calculate the highest common d